{"id":14,"date":"2020-04-29T15:04:14","date_gmt":"2020-04-29T15:04:14","guid":{"rendered":"http:\/\/elektrotechnik-huefner.de\/?page_id=14"},"modified":"2020-09-22T10:15:53","modified_gmt":"2020-09-22T10:15:53","slug":"wartung-service","status":"publish","type":"page","link":"https:\/\/elektrotechnik-huefner.de\/?page_id=14","title":{"rendered":"Service"},"content":{"rendered":"\n<p>Elektrotechnik H\u00fcfner ist f\u00fcr Sie da!<\/p>\n\n\n\n<ul class=\"wp-block-list\"><li>Beratung<\/li><li>Planung<\/li><li>Wartung<\/li><li>Neu- und Altbeuinstallation<\/li><li>Netzwerktechnik<\/li><li>SAT-Anlagen<\/li><li>E-Check nach DGUV3<\/li><\/ul>\n\n\n\n<ul class=\"wp-block-list\"><li>\u00dcberpr\u00fcfung<ul><li>Sprechanlagen<\/li><\/ul><ul><li>Hausanlagen<\/li><\/ul><\/li><\/ul>\n\n\n\n<p>Nehmen Sie Kontakt mit uns auf! Wir stehen Ihnen gerne zur Verf\u00fcgung.<\/p>\n","protected":false},"excerpt":{"rendered":"<p>Elektrotechnik H\u00fcfner ist f\u00fcr Sie da! Beratung Planung Wartung Neu- und Altbeuinstallation Netzwerktechnik SAT-Anlagen E-Check nach DGUV3 \u00dcberpr\u00fcfung Sprechanlagen Hausanlagen Nehmen Sie Kontakt mit uns auf! Wir stehen Ihnen gerne zur Verf\u00fcgung.<\/p>\n","protected":false},"author":1,"featured_media":0,"parent":0,"menu_order":0,"comment_status":"closed","ping_status":"closed","template":"","meta":{"footnotes":""},"class_list":["post-14","page","type-page","status-publish"],"_links":{"self":[{"href":"https:\/\/elektrotechnik-huefner.de\/index.php?rest_route=\/wp\/v2\/pages\/14","targetHints":{"allow":["GET"]}}],"collection":[{"href":"https:\/\/elektrotechnik-huefner.de\/index.php?rest_route=\/wp\/v2\/pages"}],"about":[{"href":"https:\/\/elektrotechnik-huefner.de\/index.php?rest_route=\/wp\/v2\/types\/page"}],"author":[{"embeddable":true,"href":"https:\/\/elektrotechnik-huefner.de\/index.php?rest_route=\/wp\/v2\/users\/1"}],"replies":[{"embeddable":true,"href":"https:\/\/elektrotechnik-huefner.de\/index.php?rest_route=%2Fwp%2Fv2%2Fcomments&post=14"}],"version-history":[{"count":2,"href":"https:\/\/elektrotechnik-huefner.de\/index.php?rest_route=\/wp\/v2\/pages\/14\/revisions"}],"predecessor-version":[{"id":74,"href":"https:\/\/elektrotechnik-huefner.de\/index.php?rest_route=\/wp\/v2\/pages\/14\/revisions\/74"}],"wp:attachment":[{"href":"https:\/\/elektrotechnik-huefner.de\/index.php?rest_route=%2Fwp%2Fv2%2Fmedia&parent=14"}],"curies":[{"name":"wp","href":"https:\/\/api.w.org\/{rel}","templated":true}]}}